{"id":1805,"date":"2021-10-13T14:43:43","date_gmt":"2021-10-13T17:43:43","guid":{"rendered":"https:\/\/www.cref13.org.br\/cref13\/?page_id=1805"},"modified":"2024-01-23T10:31:28","modified_gmt":"2024-01-23T13:31:28","slug":"leis-federais","status":"publish","type":"page","link":"https:\/\/www.cref13.org.br\/cref13\/leis-federais\/","title":{"rendered":"Leis Federais"},"content":{"rendered":"\t\t<div data-elementor-type=\"wp-page\" data-elementor-id=\"1805\" class=\"elementor elementor-1805\" data-elementor-post-type=\"page\">\n\t\t\t\t\t\t<section class=\"elementor-section elementor-top-section elementor-element elementor-element-fb5cc0e elementor-section-boxed elementor-section-height-default elementor-section-height-default\" data-id=\"fb5cc0e\" data-element_type=\"section\">\n\t\t\t\t\t\t<div class=\"elementor-container elementor-column-gap-default\">\n\t\t\t\t\t<div class=\"elementor-column elementor-col-100 elementor-top-column elementor-element elementor-element-00fbd57\" data-id=\"00fbd57\" data-element_type=\"column\">\n\t\t\t<div class=\"elementor-widget-wrap elementor-element-populated\">\n\t\t\t\t\t\t<div class=\"elementor-element elementor-element-1321ebd elementor-headline--style-highlight elementor-widget elementor-widget-animated-headline\" data-id=\"1321ebd\" data-element_type=\"widget\" data-settings=\"{&quot;marker&quot;:&quot;curly&quot;,&quot;highlighted_text&quot;:&quot;Leis Federais&quot;,&quot;headline_style&quot;:&quot;highlight&quot;,&quot;highlight_animation_duration&quot;:1200}\" data-widget_type=\"animated-headline.default\">\n\t\t\t\t<div class=\"elementor-widget-container\">\n\t\t\t\t\t\t\t<h2 class=\"elementor-headline\">\n\t\t\t\t<span class=\"elementor-headline-dynamic-wrapper elementor-headline-text-wrapper\">\n\t\t\t\t\t<span class=\"elementor-headline-dynamic-text elementor-headline-text-active\">Leis Federais<\/span>\n\t\t\t\t<\/span>\n\t\t\t\t<\/h2>\n\t\t\t\t\t\t<\/div>\n\t\t\t\t<\/div>\n\t\t\t\t<div class=\"elementor-element elementor-element-a4a3373 elementor-widget elementor-widget-text-editor\" data-id=\"a4a3373\" data-element_type=\"widget\" data-widget_type=\"text-editor.default\">\n\t\t\t\t<div class=\"elementor-widget-container\">\n\t\t\t\t\t\t\t\t\t<ul><li><a href=\"https:\/\/www.planalto.gov.br\/ccivil_03\/_ato2023-2026\/2023\/lei\/L14579.htm\"><strong>Lei n\u00ba 14.579, de 10 de Maio de 2023:<\/strong><\/a> Institui o Dia Nacional do Desporto Escolar.<\/li><li><strong><a href=\"https:\/\/www.planalto.gov.br\/ccivil_03\/_ato2019-2022\/2022\/lei\/L14386.htm\">Lei n\u00ba 14.386, de 27 de Junho 2022:<\/a><\/strong> Altera a Lei n\u00ba 9.696, de 1\u00ba de setembro de 1998, que disp\u00f5e sobre a regulamenta\u00e7\u00e3o da profiss\u00e3o de Educa\u00e7\u00e3o F\u00edsica e cria o Conselho Federal de Educa\u00e7\u00e3o F\u00edsica e os Conselhos Regionais de Educa\u00e7\u00e3o F\u00edsica.<\/li><li><a href=\"https:\/\/www.planalto.gov.br\/ccivil_03\/_ato2015-2018\/2018\/lei\/l13722.htm\"><strong>Lei n\u00ba 13.722, de 4 de Outubro de 2018:<\/strong> <\/a>Torna obrigat\u00f3ria a capacita\u00e7\u00e3o em no\u00e7\u00f5es b\u00e1sicas de primeiros socorros de professores e funcion\u00e1rios de estabelecimentos de ensino p\u00fablicos e privados de educa\u00e7\u00e3o b\u00e1sica e de estabelecimentos de recrea\u00e7\u00e3o infantil.<\/li><li><a href=\"https:\/\/www.planalto.gov.br\/ccivil_03\/_Ato2011-2014\/2013\/Lei\/L12864.htm\"><strong>Lei n\u00ba 12864, de 24 de Setembro de 2013: <\/strong><\/a>Altera o\u00a0caput\u00a0do art. 3\u00ba da Lei n\u00ba 8.080, de 19 de setembro de 1990, incluindo a atividade f\u00edsica como fator determinante e condicionante da sa\u00fade.<\/li><li><strong><a href=\"https:\/\/www.planalto.gov.br\/ccivil_03\/_ato2007-2010\/2010\/lei\/l12197.htm\">Lei n\u00ba 12.197, de 14 de Janeiro de 2010<\/a>:\u00a0<\/strong>Fixa limites para o valor das anuidades devidas ao Conselho Federal e aos Conselhos Regionais de Educa\u00e7\u00e3o F\u00edsica.<\/li><li><a href=\"https:\/\/www.planalto.gov.br\/ccivil_03\/_ato2007-2010\/2008\/lei\/l11788.htm\"><strong>Lei n\u00ba 11.788, de 25 de Setembro de 2008<\/strong><\/a>: Disp\u00f5e sobre o est\u00e1gio de estudantes; altera a reda\u00e7\u00e3o do art. 428 da Consolida\u00e7\u00e3o das Leis do Trabalho \u2013 CLT, aprovada pelo Decreto-Lei n<u><sup>o<\/sup><\/u>\u00a05.452, de 1<u><sup>o<\/sup><\/u>\u00a0de maio de 1943, e a Lei n<u><sup>o<\/sup><\/u>\u00a09.394, de 20 de dezembro de 1996; revoga as Leis n<u><sup>os<\/sup><\/u>\u00a06.494, de 7 de dezembro de 1977, e 8.859, de 23 de mar\u00e7o de 1994, o par\u00e1grafo \u00fanico do art. 82 da Lei n<u><sup>o<\/sup><\/u>\u00a09.394, de 20 de dezembro de 1996, e o art. 6<u><sup>o<\/sup><\/u>\u00a0da Medida Provis\u00f3ria\u00a0 n<u><sup>o<\/sup><\/u>\u00a02.164-41, de 24 de agosto de 2001; e d\u00e1 outras provid\u00eancias.<\/li><li><a href=\"https:\/\/www.planalto.gov.br\/ccivil_03\/_Ato2004-2006\/2006\/Lei\/L11342.htm\"><strong>Lei n\u00ba 11.342, de 18 de Agosto de 2006<\/strong><\/a>: Disp\u00f5e sobre o Dia do Profissional de Educa\u00e7\u00e3o F\u00edsica.<\/li><li><a href=\"https:\/\/www.planalto.gov.br\/ccivil_03\/_Ato2004-2006\/2005\/Lei\/L11129.htm\"><strong>Lei n\u00ba 11.129, de 30 de Junho de 2005<\/strong><\/a>: Institui o Programa Nacional de Inclus\u00e3o de Jovens \u2013 ProJovem; cria o Conselho Nacional da Juventude \u2013 CNJ e a Secretaria Nacional de Juventude; altera as Leis n\u00ba s 10.683, de 28 de maio de 2003, e 10.429, de 24 de abril de 2002; e d\u00e1 outras provid\u00eancias.<\/li><li><strong><a href=\"https:\/\/www.planalto.gov.br\/ccivil_03\/_Ato2004-2006\/2004\/Lei\/L11000.htm\">Lei n\u00ba 11.000, de 15 de Dezembro de 2004<\/a><\/strong>: Altera dispositivos da Lei n\u00ba 3.268, de 30 de setembro de 1957, que disp\u00f5e sobre os Conselhos de Medicina, e d\u00e1 outras provid\u00eancias.<\/li><li><strong><a href=\"http:\/\/www.planalto.gov.br\/ccivil_03\/leis\/L9696.htm\">Lei n\u00ba 9.696, de 1 de setembro de 1998<\/a><\/strong>: Disp\u00f5e sobre a regulamenta\u00e7\u00e3o da Profiss\u00e3o de Educa\u00e7\u00e3o F\u00edsica e cria os respectivos Conselho Federal e Conselhos Regionais de Educa\u00e7\u00e3o F\u00edsica.\u00a0<\/li><li><a href=\"https:\/\/www.planalto.gov.br\/ccivil_03\/leis\/l6839.htm\"><strong>Lei n\u00ba 6.839, de 30 de Outubro 1980<\/strong><\/a>: Disp\u00f5e sobre o registro de empresas nas entidades fiscalizadoras do exerc\u00edcio de profiss\u00f5es.<\/li><li><strong><a href=\"https:\/\/www.planalto.gov.br\/ccivil_03\/decreto-lei\/Del3688.htm\">Decreto-Lei n\u00ba 3.688, de 3 de Outubro de 1941<\/a><\/strong>: No Cap\u00edtulo VI, Art. 47, 48 e 49, trata as contraven\u00e7\u00f5es relativas \u00e0 organiza\u00e7\u00e3o do trabalho.<\/li><\/ul>\t\t\t\t\t\t\t\t<\/div>\n\t\t\t\t<\/div>\n\t\t\t\t\t<\/div>\n\t\t<\/div>\n\t\t\t\t\t<\/div>\n\t\t<\/section>\n\t\t\t\t<\/div>\n\t\t","protected":false},"excerpt":{"rendered":"<p>Lei n\u00ba 14.579, de 10 de Maio de 2023: Institui o Dia Nacional do Desporto Escolar. Lei n\u00ba 14.386, de 27 de Junho 2022: Altera a Lei n\u00ba 9.696, de 1\u00ba de setembro de 1998, que disp\u00f5e sobre a regulamenta\u00e7\u00e3o da profiss\u00e3o de Educa\u00e7\u00e3o F\u00edsica e cria o Conselho Federal de Educa\u00e7\u00e3o F\u00edsica e os [&hellip;]<\/p>\n","protected":false},"author":11,"featured_media":0,"parent":0,"menu_order":0,"comment_status":"closed","ping_status":"closed","template":"","meta":{"footnotes":""},"class_list":["post-1805","page","type-page","status-publish","hentry"],"_links":{"self":[{"href":"https:\/\/www.cref13.org.br\/cref13\/wp-json\/wp\/v2\/pages\/1805","targetHints":{"allow":["GET"]}}],"collection":[{"href":"https:\/\/www.cref13.org.br\/cref13\/wp-json\/wp\/v2\/pages"}],"about":[{"href":"https:\/\/www.cref13.org.br\/cref13\/wp-json\/wp\/v2\/types\/page"}],"author":[{"embeddable":true,"href":"https:\/\/www.cref13.org.br\/cref13\/wp-json\/wp\/v2\/users\/11"}],"replies":[{"embeddable":true,"href":"https:\/\/www.cref13.org.br\/cref13\/wp-json\/wp\/v2\/comments?post=1805"}],"version-history":[{"count":40,"href":"https:\/\/www.cref13.org.br\/cref13\/wp-json\/wp\/v2\/pages\/1805\/revisions"}],"predecessor-version":[{"id":7063,"href":"https:\/\/www.cref13.org.br\/cref13\/wp-json\/wp\/v2\/pages\/1805\/revisions\/7063"}],"wp:attachment":[{"href":"https:\/\/www.cref13.org.br\/cref13\/wp-json\/wp\/v2\/media?parent=1805"}],"curies":[{"name":"wp","href":"https:\/\/api.w.org\/{rel}","templated":true}]}}

<div data-elementor-type="wp-page" data-elementor-id="1805" class="elementor elementor-1805" data-elementor-post-type="page">
						<section class="elementor-section elementor-top-section elementor-element elementor-element-fb5cc0e elementor-section-boxed elementor-section-height-default elementor-section-height-default" data-id="fb5cc0e" data-element_type="section">
						<div class="elementor-container elementor-column-gap-default">
					<div class="elementor-column elementor-col-100 elementor-top-column elementor-element elementor-element-00fbd57" data-id="00fbd57" data-element_type="column">
			<div class="elementor-widget-wrap elementor-element-populated">
						<div class="elementor-element elementor-element-1321ebd elementor-headline--style-highlight elementor-widget elementor-widget-animated-headline" data-id="1321ebd" data-element_type="widget" data-settings="{&quot;marker&quot;:&quot;curly&quot;,&quot;highlighted_text&quot;:&quot;Leis Federais&quot;,&quot;headline_style&quot;:&quot;highlight&quot;,&quot;highlight_animation_duration&quot;:1200}" data-widget_type="animated-headline.default">
				<div class="elementor-widget-container">
							<h2 class="elementor-headline">
				<span class="elementor-headline-dynamic-wrapper elementor-headline-text-wrapper">
					<span class="elementor-headline-dynamic-text elementor-headline-text-active">Leis Federais</span>
				</span>
				</h2>
						</div>
				</div>
				<div class="elementor-element elementor-element-a4a3373 elementor-widget elementor-widget-text-editor" data-id="a4a3373" data-element_type="widget" data-widget_type="text-editor.default">
				<div class="elementor-widget-container">
									<ul><li><a href="https://www.planalto.gov.br/ccivil_03/_ato2023-2026/2023/lei/L14579.htm"><strong>Lei nº 14.579, de 10 de Maio de 2023:</strong></a> Institui o Dia Nacional do Desporto Escolar.</li><li><strong><a href="https://www.planalto.gov.br/ccivil_03/_ato2019-2022/2022/lei/L14386.htm">Lei nº 14.386, de 27 de Junho 2022:</a></strong> Altera a Lei nº 9.696, de 1º de setembro de 1998, que dispõe sobre a regulamentação da profissão de Educação Física e cria o Conselho Federal de Educação Física e os Conselhos Regionais de Educação Física.</li><li><a href="https://www.planalto.gov.br/ccivil_03/_ato2015-2018/2018/lei/l13722.htm"><strong>Lei nº 13.722, de 4 de Outubro de 2018:</strong> </a>Torna obrigatória a capacitação em noções básicas de primeiros socorros de professores e funcionários de estabelecimentos de ensino públicos e privados de educação básica e de estabelecimentos de recreação infantil.</li><li><a href="https://www.planalto.gov.br/ccivil_03/_Ato2011-2014/2013/Lei/L12864.htm"><strong>Lei nº 12864, de 24 de Setembro de 2013: </strong></a>Altera o caput do art. 3º da Lei nº 8.080, de 19 de setembro de 1990, incluindo a atividade física como fator determinante e condicionante da saúde.</li><li><strong><a href="https://www.planalto.gov.br/ccivil_03/_ato2007-2010/2010/lei/l12197.htm">Lei nº 12.197, de 14 de Janeiro de 2010</a>: </strong>Fixa limites para o valor das anuidades devidas ao Conselho Federal e aos Conselhos Regionais de Educação Física.</li><li><a href="https://www.planalto.gov.br/ccivil_03/_ato2007-2010/2008/lei/l11788.htm"><strong>Lei nº 11.788, de 25 de Setembro de 2008</strong></a>: Dispõe sobre o estágio de estudantes; altera a redação do art. 428 da Consolidação das Leis do Trabalho – CLT, aprovada pelo Decreto-Lei n<u><sup>o</sup></u> 5.452, de 1<u><sup>o</sup></u> de maio de 1943, e a Lei n<u><sup>o</sup></u> 9.394, de 20 de dezembro de 1996; revoga as Leis n<u><sup>os</sup></u> 6.494, de 7 de dezembro de 1977, e 8.859, de 23 de março de 1994, o parágrafo único do art. 82 da Lei n<u><sup>o</sup></u> 9.394, de 20 de dezembro de 1996, e o art. 6<u><sup>o</sup></u> da Medida Provisória  n<u><sup>o</sup></u> 2.164-41, de 24 de agosto de 2001; e dá outras providências.</li><li><a href="https://www.planalto.gov.br/ccivil_03/_Ato2004-2006/2006/Lei/L11342.htm"><strong>Lei nº 11.342, de 18 de Agosto de 2006</strong></a>: Dispõe sobre o Dia do Profissional de Educação Física.</li><li><a href="https://www.planalto.gov.br/ccivil_03/_Ato2004-2006/2005/Lei/L11129.htm"><strong>Lei nº 11.129, de 30 de Junho de 2005</strong></a>: Institui o Programa Nacional de Inclusão de Jovens – ProJovem; cria o Conselho Nacional da Juventude – CNJ e a Secretaria Nacional de Juventude; altera as Leis nº s 10.683, de 28 de maio de 2003, e 10.429, de 24 de abril de 2002; e dá outras providências.</li><li><strong><a href="https://www.planalto.gov.br/ccivil_03/_Ato2004-2006/2004/Lei/L11000.htm">Lei nº 11.000, de 15 de Dezembro de 2004</a></strong>: Altera dispositivos da Lei nº 3.268, de 30 de setembro de 1957, que dispõe sobre os Conselhos de Medicina, e dá outras providências.</li><li><strong><a href="http://www.planalto.gov.br/ccivil_03/leis/L9696.htm">Lei nº 9.696, de 1 de setembro de 1998</a></strong>: Dispõe sobre a regulamentação da Profissão de Educação Física e cria os respectivos Conselho Federal e Conselhos Regionais de Educação Física. </li><li><a href="https://www.planalto.gov.br/ccivil_03/leis/l6839.htm"><strong>Lei nº 6.839, de 30 de Outubro 1980</strong></a>: Dispõe sobre o registro de empresas nas entidades fiscalizadoras do exercício de profissões.</li><li><strong><a href="https://www.planalto.gov.br/ccivil_03/decreto-lei/Del3688.htm">Decreto-Lei nº 3.688, de 3 de Outubro de 1941</a></strong>: No Capítulo VI, Art. 47, 48 e 49, trata as contravenções relativas à organização do trabalho.</li></ul>								</div>
				</div>
					</div>
		</div>
					</div>
		</section>
				</div>

<p>Lei nº 14.579, de 10 de Maio de 2023: Institui o Dia Nacional do Desporto Escolar. Lei nº 14.386, de 27 de Junho 2022: Altera a Lei nº 9.696, de 1º de setembro de 1998, que dispõe sobre a regulamentação da profissão de Educação Física e cria o Conselho Federal de Educação Física e os [&hellip;]</p>
