{"id":191,"date":"2021-08-04T16:11:48","date_gmt":"2021-08-04T19:11:48","guid":{"rendered":"https:\/\/www.cref13.org.br\/cref13\/?page_id=191"},"modified":"2025-08-13T13:25:37","modified_gmt":"2025-08-13T16:25:37","slug":"historia-do-cref13","status":"publish","type":"page","link":"https:\/\/www.cref13.org.br\/cref13\/historia-do-cref13\/","title":{"rendered":"Hist\u00f3ria do CREF13"},"content":{"rendered":"\t\t<div data-elementor-type=\"wp-page\" data-elementor-id=\"191\" class=\"elementor elementor-191\" data-elementor-post-type=\"page\">\n\t\t\t\t\t\t<section class=\"elementor-section elementor-top-section elementor-element elementor-element-b4245f7 elementor-section-boxed elementor-section-height-default elementor-section-height-default\" data-id=\"b4245f7\" data-element_type=\"section\">\n\t\t\t\t\t\t<div class=\"elementor-container elementor-column-gap-default\">\n\t\t\t\t\t<div class=\"elementor-column elementor-col-100 elementor-top-column elementor-element elementor-element-c71a348\" data-id=\"c71a348\" data-element_type=\"column\">\n\t\t\t<div class=\"elementor-widget-wrap elementor-element-populated\">\n\t\t\t\t\t\t<div class=\"elementor-element elementor-element-101abef elementor-headline--style-highlight elementor-widget elementor-widget-animated-headline\" data-id=\"101abef\" data-element_type=\"widget\" data-settings=\"{&quot;marker&quot;:&quot;curly&quot;,&quot;highlighted_text&quot;:&quot;Hist\\u00f3ria do CREF13&quot;,&quot;headline_style&quot;:&quot;highlight&quot;,&quot;highlight_animation_duration&quot;:1200}\" data-widget_type=\"animated-headline.default\">\n\t\t\t\t<div class=\"elementor-widget-container\">\n\t\t\t\t\t\t\t<h2 class=\"elementor-headline\">\n\t\t\t\t<span class=\"elementor-headline-dynamic-wrapper elementor-headline-text-wrapper\">\n\t\t\t\t\t<span class=\"elementor-headline-dynamic-text elementor-headline-text-active\">Hist\u00f3ria do CREF13<\/span>\n\t\t\t\t<\/span>\n\t\t\t\t<\/h2>\n\t\t\t\t\t\t<\/div>\n\t\t\t\t<\/div>\n\t\t\t\t<div class=\"elementor-element elementor-element-888b69f elementor-widget elementor-widget-text-editor\" data-id=\"888b69f\" data-element_type=\"widget\" data-widget_type=\"text-editor.default\">\n\t\t\t\t<div class=\"elementor-widget-container\">\n\t\t\t\t\t\t\t\t\t<p><span style=\"color: var( --e-global-color-text ); font-family: var( --e-global-typography-text-font-family ), Sans-serif; font-weight: var( --e-global-typography-text-font-weight ); font-size: 1rem;\">O <\/span><strong style=\"color: var( --e-global-color-text ); font-family: var( --e-global-typography-text-font-family ), Sans-serif; font-size: 1rem;\">Conselho Regional de Educa\u00e7\u00e3o F\u00edsica \u2013 CREF 13\/BA\u00a0<\/strong><span style=\"color: var( --e-global-color-text ); font-family: var( --e-global-typography-text-font-family ), Sans-serif; font-weight: var( --e-global-typography-text-font-weight ); font-size: 1rem;\">iniciou suas atividades em janeiro de 2004. Mas, a hist\u00f3ria do CREF 13\/BA come\u00e7ou muito antes. Desde a \u00e9poca em que a Bahia fazia parte, juntamente com outros oito estados do norte-nordeste, do CREF 5 \u2013 com sede no Cear\u00e1 -, profissionais baianos lutavam pelo crescimento e reconhecimento da profiss\u00e3o no estado.<\/span><\/p><p>O professor\u00a0<strong>Carlos de Souza Pimentel<\/strong>\u00a0\u00a0foi um dos principais incentivadores para o registro de profissionais graduados e n\u00e3o graduados no CREF 5. Com o aumento no n\u00famero de registrados baianos, o Estado conseguiu a condi\u00e7\u00e3o de 6\u00aa Seccional do Conselho de Educa\u00e7\u00e3o F\u00edsica do Cear\u00e1, que com seu crescimento se tornou o 13\u00ba Conselho Regional de Educa\u00e7\u00e3o F\u00edsica, com sede na Bahia e que englobava tamb\u00e9m o estado de Sergipe, em junho de 2006, com mais de 500 registros atrav\u00e9s da Resolu\u00e7\u00e3o do CREF13 BA, foi criada a Seccional em Sergipe.<\/p><p>O CREF 13\/BA iniciou seus trabalhos com 2.120 profissionais registrados. Hoje, a entidade conta com mais de 21 mil profissionais de Educa\u00e7\u00e3o F\u00edsica e mais de 4 mil estabelecimentos registrados na Bahia.<\/p><p>A primeira diretoria do CREF 13\/BA, que tomou posse no dia 04 de janeiro de 2004, foi composta por 24 Conselheiros, tendo o professor Carlos de Souza Pimentel como Presidente.\u00a0<\/p>\t\t\t\t\t\t\t\t<\/div>\n\t\t\t\t<\/div>\n\t\t\t\t\t<\/div>\n\t\t<\/div>\n\t\t\t\t\t<\/div>\n\t\t<\/section>\n\t\t\t\t<section class=\"elementor-section elementor-top-section elementor-element elementor-element-d10f3e2 elementor-section-boxed elementor-section-height-default elementor-section-height-default\" data-id=\"d10f3e2\" data-element_type=\"section\">\n\t\t\t\t\t\t<div class=\"elementor-container elementor-column-gap-default\">\n\t\t\t\t\t<div class=\"elementor-column elementor-col-100 elementor-top-column elementor-element elementor-element-e32506e\" data-id=\"e32506e\" data-element_type=\"column\">\n\t\t\t<div class=\"elementor-widget-wrap\">\n\t\t\t\t\t\t\t<\/div>\n\t\t<\/div>\n\t\t\t\t\t<\/div>\n\t\t<\/section>\n\t\t\t\t<\/div>\n\t\t","protected":false},"excerpt":{"rendered":"<p>O Conselho Regional de Educa\u00e7\u00e3o F\u00edsica \u2013 CREF 13\/BA\u00a0iniciou suas atividades em janeiro de 2004. Mas, a hist\u00f3ria do CREF 13\/BA come\u00e7ou muito antes. Desde a \u00e9poca em que a Bahia fazia parte, juntamente com outros oito estados do norte-nordeste, do CREF 5 \u2013 com sede no Cear\u00e1 -, profissionais baianos lutavam pelo crescimento e [&hellip;]<\/p>\n","protected":false},"author":11,"featured_media":0,"parent":0,"menu_order":0,"comment_status":"closed","ping_status":"closed","template":"","meta":{"footnotes":""},"class_list":["post-191","page","type-page","status-publish","hentry"],"_links":{"self":[{"href":"https:\/\/www.cref13.org.br\/cref13\/wp-json\/wp\/v2\/pages\/191","targetHints":{"allow":["GET"]}}],"collection":[{"href":"https:\/\/www.cref13.org.br\/cref13\/wp-json\/wp\/v2\/pages"}],"about":[{"href":"https:\/\/www.cref13.org.br\/cref13\/wp-json\/wp\/v2\/types\/page"}],"author":[{"embeddable":true,"href":"https:\/\/www.cref13.org.br\/cref13\/wp-json\/wp\/v2\/users\/11"}],"replies":[{"embeddable":true,"href":"https:\/\/www.cref13.org.br\/cref13\/wp-json\/wp\/v2\/comments?post=191"}],"version-history":[{"count":280,"href":"https:\/\/www.cref13.org.br\/cref13\/wp-json\/wp\/v2\/pages\/191\/revisions"}],"predecessor-version":[{"id":11318,"href":"https:\/\/www.cref13.org.br\/cref13\/wp-json\/wp\/v2\/pages\/191\/revisions\/11318"}],"wp:attachment":[{"href":"https:\/\/www.cref13.org.br\/cref13\/wp-json\/wp\/v2\/media?parent=191"}],"curies":[{"name":"wp","href":"https:\/\/api.w.org\/{rel}","templated":true}]}}

História do CREF13

<div data-elementor-type="wp-page" data-elementor-id="191" class="elementor elementor-191" data-elementor-post-type="page">
						<section class="elementor-section elementor-top-section elementor-element elementor-element-b4245f7 elementor-section-boxed elementor-section-height-default elementor-section-height-default" data-id="b4245f7" data-element_type="section">
						<div class="elementor-container elementor-column-gap-default">
					<div class="elementor-column elementor-col-100 elementor-top-column elementor-element elementor-element-c71a348" data-id="c71a348" data-element_type="column">
			<div class="elementor-widget-wrap elementor-element-populated">
						<div class="elementor-element elementor-element-101abef elementor-headline--style-highlight elementor-widget elementor-widget-animated-headline" data-id="101abef" data-element_type="widget" data-settings="{&quot;marker&quot;:&quot;curly&quot;,&quot;highlighted_text&quot;:&quot;Hist\u00f3ria do CREF13&quot;,&quot;headline_style&quot;:&quot;highlight&quot;,&quot;highlight_animation_duration&quot;:1200}" data-widget_type="animated-headline.default">
				<div class="elementor-widget-container">
							<h2 class="elementor-headline">
				<span class="elementor-headline-dynamic-wrapper elementor-headline-text-wrapper">
					<span class="elementor-headline-dynamic-text elementor-headline-text-active">História do CREF13</span>
				</span>
				</h2>
						</div>
				</div>
				<div class="elementor-element elementor-element-888b69f elementor-widget elementor-widget-text-editor" data-id="888b69f" data-element_type="widget" data-widget_type="text-editor.default">
				<div class="elementor-widget-container">
									<p><span style="color: var( --e-global-color-text ); font-family: var( --e-global-typography-text-font-family ), Sans-serif; font-weight: var( --e-global-typography-text-font-weight ); font-size: 1rem;">O </span><strong style="color: var( --e-global-color-text ); font-family: var( --e-global-typography-text-font-family ), Sans-serif; font-size: 1rem;">Conselho Regional de Educação Física – CREF 13/BA </strong><span style="color: var( --e-global-color-text ); font-family: var( --e-global-typography-text-font-family ), Sans-serif; font-weight: var( --e-global-typography-text-font-weight ); font-size: 1rem;">iniciou suas atividades em janeiro de 2004. Mas, a história do CREF 13/BA começou muito antes. Desde a época em que a Bahia fazia parte, juntamente com outros oito estados do norte-nordeste, do CREF 5 – com sede no Ceará -, profissionais baianos lutavam pelo crescimento e reconhecimento da profissão no estado.</span></p><p>O professor <strong>Carlos de Souza Pimentel</strong>  foi um dos principais incentivadores para o registro de profissionais graduados e não graduados no CREF 5. Com o aumento no número de registrados baianos, o Estado conseguiu a condição de 6ª Seccional do Conselho de Educação Física do Ceará, que com seu crescimento se tornou o 13º Conselho Regional de Educação Física, com sede na Bahia e que englobava também o estado de Sergipe, em junho de 2006, com mais de 500 registros através da Resolução do CREF13 BA, foi criada a Seccional em Sergipe.</p><p>O CREF 13/BA iniciou seus trabalhos com 2.120 profissionais registrados. Hoje, a entidade conta com mais de 21 mil profissionais de Educação Física e mais de 4 mil estabelecimentos registrados na Bahia.</p><p>A primeira diretoria do CREF 13/BA, que tomou posse no dia 04 de janeiro de 2004, foi composta por 24 Conselheiros, tendo o professor Carlos de Souza Pimentel como Presidente. </p>								</div>
				</div>
					</div>
		</div>
					</div>
		</section>
				<section class="elementor-section elementor-top-section elementor-element elementor-element-d10f3e2 elementor-section-boxed elementor-section-height-default elementor-section-height-default" data-id="d10f3e2" data-element_type="section">
						<div class="elementor-container elementor-column-gap-default">
					<div class="elementor-column elementor-col-100 elementor-top-column elementor-element elementor-element-e32506e" data-id="e32506e" data-element_type="column">
			<div class="elementor-widget-wrap">
							</div>
		</div>
					</div>
		</section>
				</div>

<p>O Conselho Regional de Educação Física – CREF 13/BA iniciou suas atividades em janeiro de 2004. Mas, a história do CREF 13/BA começou muito antes. Desde a época em que a Bahia fazia parte, juntamente com outros oito estados do norte-nordeste, do CREF 5 – com sede no Ceará -, profissionais baianos lutavam pelo crescimento e [&hellip;]</p>
